t h(j) = -5*j**2 + 865*j + 919. Give h(174).
49
Let c(f) = -f**3 - 25*f**2 - 25*f + 2. Calculate c(-24).
26
Let h(n) = 2986*n - 5968. What is h(2)?
4
Let g(r) = -219*r + 24500. Determine g(112).
-28
Let j(t) = 25*t**2 - 2*t - 4. Give j(-3).
227
Let a(l) = -l**3 - 17*l**2 - 15*l + 32. Calculate a(-16).
16
Let w(b) = -72*b**2 + 655*b - 1307. Determine w(2).
-285
Let f(g) = 107*g - 1130. Give f(10).
-60
Let z(u) = -136*u + 1082. Give z(8).
-6
Let b(i) = 24*i - 209. Give b(4).
-113
Let t(p) = 292*p + 5. Give t(0).
5
Let v(x) = -x**2 + 5*x + 60. What is v(-6)?
-6
Let m(s) = -3*s**2 - 49*s + 652. Determine m(-25).
2
Let p(h) = -2*h**3 + 57*h**2 - 303*h + 19. Determine p(7).
5
Let x(h) = -2*h**3 - 22*h**2 - 151*h - 373. What is x(-4)?
7
Let n(k) = -101*k + 417. What is n(4)?
13
Let t(i) = 97*i + 43. Calculate t(-3).
-248
Let p(c) = -7*c**2 - 403*c + 173. Give p(-58).
-1
Let d(f) = -f**2 + 805*f - 11071. Determine d(14).
3
Let o(q) = -8*q - 26. Give o(-6).
22
Let h(p) = -15*p + 38. Determine h(-5).
113
Let h(s) = -2*s**3 + 29*s**2 - 16*s + 19. What is h(14)?
-9
Let r(g) = -g**3 - 25*g**2 + 13*g - 362. Calculate r(-26).
-24
Let h(r) = -275*r - 543. Determine h(-2).
7
Let n(m) = m**2 - 30*m - 116. Calculate n(-4).
20
Let u(d) = 3*d**3 + 664*d**2 + 222*d + 227. Give u(-221).
6
Let k(c) = c**2 - 13*c + 72. Calculate k(8).
32
Let v(j) = -j**2 - 40*j - 405. Give v(-19).
-6
Let c(q) = 827*q - 84. Determine c(0).
-84
Let p(r) = -4*r**2 - 386*r + 779. Determine p(2).
-9
Let x(i) = 2*i**3 + 39*i**2 + 24*i + 109. What is x(-19)?
14
Let v(a) = 70*a + 25. What is v(-12)?
-815
Let f(q) = q**3 + 91*q**2 - 90*q + 171. What is f(-92)?
-13
Let b(g) = g**3 - 6*g**2 - 12*g + 15. Give b(1).
-2
Let y(s) = -s**2 + 15*s + 427. Give y(22).
273
Let a(c) = 2*c**3 + 25*c**2 + 116*c + 479. What is a(-9)?
2
Let p(d) = -109*d**2 + 435*d + 19. What is p(4)?
15
Let h(z) = -z**3 + 42*z**2 - 342*z - 33. Determine h(31).
-64
Let d(t) = t**2 + 736*t - 4447. What is d(6)?
5
Let t(p) = 140*p + 972. Determine t(-7).
-8
Let g(t) = t**3 - 18*t**2 + 81*t + 29. Calculate g(14).
379
Let z(d) = 95*d - 598. Determine z(5).
-123
Let p(w) = w**3 + 14*w**2 - 103*w - 156. Determine p(-19).
-4
Let r(l) = l**3 + 12*l**2 + 11*l + 4. Calculate r(-11).
4
Let r(z) = -z**3 + 15*z**2 - 21*z - 15. What is r(13)?
50
Let c(a) = 7*a + 155. Calculate c(-19).
22
Let w(p) = -34*p**2 - 267*p + 352. Determine w(-9).
1
Let f(h) = -h**3 + 7*h**2 + 2*h + 307. What is f(10)?
27
Let t(d) = -d**2 + 10*d - 11. Calculate t(10).
-11
Let s(o) = -o**2 - 647*o - 3856. Calculate s(-6).
-10
Let o(p) = 12*p**3 + 1224*p**2 - p - 114. Give o(-102).
-12
Let g(r) = r**3 - r**2 - 174*r + 496. Give g(-14).
-8
Let u(s) = -42*s - 423. Give u(-10).
-3
Let o(b) = -236*b**3. Calculate o(1).
-236
Let k(b) = -34*b**2 + 142*b + 141. Determine k(-1).
-35
Let b(f) = 3*f**3 + 80*f**2 - 28*f - 38. Give b(-27).
-11
Let g(f) = 7*f**2 - 495*f - 24. Determine g(71).
118
Let q(h) = -41*h + 264. What is q(3)?
141
Let v(f) = -f**2 - 14*f - 25. Determine v(-3).
8
Let j(y) = -y**3 + 8*y**2 + 345*y + 6. What is j(23)?
6
Let l(u) = -u**2 + 21*u + 40. Give l(21).
40
Let z(y) = y**2 - 12*y - 9. Calculate z(11).
-20
Let z(b) = -3*b**3 + 5*b**2 + b + 15. Determine z(3).
-18
Let k(i) = -7*i**2 + 51*i - 49. Determine k(1).
-5
Let y(k) = k**3 - 47*k**2 + 43*k + 102. Give y(46).
-36
Let a(w) = 2*w**2 + 11*w + 12. What is a(-6)?
18
Let b(w) = w**2 + 36*w + 35. Determine b(-30).
-145
Let n(y) = -882*y + 74077. Give n(84).
-11
Let z(g) = g**3 - 8*g**2 - 12*g + 38. Calculate z(8).
-58
Let u(v) = 2*v**3 + 4*v**2 - 15*v - 12. Give u(-5).
-87
Let c(a) = 11*a**2 + 12*a - 58. What is c(4)?
166
Let w(g) = -g**2 + 21*g + 2268. Determine w(57).
216
Let v(t) = -915*t - 107051. Give v(-117).
4
Let u(j) = -454*j + 6858. Give u(15).
48
Let t(n) = -2*n**2 + 15*n - 7. Determine t(5).
18
Let j(p) = p**2 - 18*p - 131. Give j(24).
13
Let i(c) = -75*c - 309. Determine i(-11).
516
Let a(j) = j**2 - 232*j + 4438. Calculate a(211).
7
Let w(i) = i**3 - 8*i**2 + 28*i - 16. Give w(5).
49
Let o(d) = 3345*d**2 - 26761*d + 3. Calculate o(8).
-5
Let l(r) = -r**2 - 273*r - 2113. Determine l(-8).
7
Let g(q) = q**2 + 49*q + 479. Give g(-14).
-11
Let m(h) = -h**2 + 19*h - 74. What is m(20)?
-94
Let r(q) = 197*q - 194. Determine r(1).
3
Let n(j) = j**3 - 31*j**2 + 163*j - 59. What is n(6)?
19
Let r(v) = -35*v**2 + 2591*v - 126. Determine r(74).
-52
Let s(j) = 2*j**2 + 55*j - 64. Determine s(-28).
-36
Let t(q) = -q**3 + 9*q**2 - 27*q + 147. What is t(8)?
-5
Let n(l) = l**2 + 32*l + 214. Determine n(-9).
7
Let a(h) = -2*h**2 - 36*h + 895. What is a(14)?
-1
Let s(v) = v**2 + 29*v + 83. Determine s(-5).
-37
Let b(s) = -38*s + 427. Give b(11).
9
Let j(z) = -z**3 + 15*z**2 + 53*z - 31. Determine j(-7).
676
Let k(q) = 247*q + 1368. Give k(-4).
380
Let o(g) = -2414*g - 188283. Give o(-78).
9
Let l(n) = 4917*n - 4935. Determine l(1).
-18
Let m(n) = 2*n**3 - 116*n**2 - 123*n + 151. What is m(59)?
-144
Let v(n) = 237*n**3 + 430*n + 430. Calculate v(-1).
-237
Let l(r) = r**3 - 70*r**2 - 2372*r - 271. What is l(95)?
14
Let h(t) = -t**3 - 8*t**2 - 3*t - 7. What is h(-4)?
-59
Let o(x) = -2046*x + 14355. Determine o(7).
33
Let o(m) = -m**3 + 39*m**2 + 2*m - 46. Give o(39).
32
Let y(l) = 2*l**3 + 52*l**2 - 53*l + 14. Calculate y(-27).
-13
Let u(c) = c**2 - 10*c + 58. Give u(22).
322
Let r(l) = -213*l + 7242. Determine r(34).
0
Let l(o) = -2*o**3 - o**2 + 68*o - 147. What is l(2)?
-31
Let s(r) = -2949*r + 8747. Calculate s(3).
-100
Let x(w) = w**3 - 3*w**2 + 25*w - 227. Give x(6).
31
Let r(s) = -7*s + 255. Determine r(19).
122
Let w(i) = i**3 - 4*i**2 - 28*i + 231. Give w(8).
263
Let o(s) = s**3 - 51*s**2 + 267*s + 130. Determine o(45).
-5
Let x(v) = 503*v + 2479. Determine x(-5).
-36
Let i(q) = -q**3 + 45*q**2 + 69*q - 1109. Give i(46).
-51
Let u(x) = -106*x + 950. Give u(9).
-4
Let q(n) = -7*n - 34. Determine q(-4).
-6
Let s(h) = h**3 - 97*h**2 + 193*h - 232. Calculate s(95).
53
Let g(u) = -59*u - 101. Give g(-2).
17
Let w(v) = v**2 - 508*v - 3572. Give w(-7).
33
Let a(u) = 2*u**2 + 13*u - 241. What is a(-14)?
-31
Let n(p) = 28*p + 1115. Give n(-39).
23
Let g(t) = t**3 - 204*t**2 + 4472*t + 537. Give g(179).
0
Let w(t) = -t**2 + 34*t - 247. What is w(24)?
-7
Let c(t) = -3*t**2 + 42*t + 152. Calculate c(-4).
-64
Let s(o) = 12*o**3 - 18*o**2 - 47*o + 1. Calculate s(-3).
-344
Let r(m) = 2264*m - 9011. Calculate r(4).
45
Let l(b) = 2*b + 158. Calculate l(-65).
28
Let j(h) = 5*h**2 + 16*h - 30. Calculate j(-4).
-14
Let u(c) = -88*c**2 + 22*c - 52. Calculate u(3).
-778
Let b(h) = -h**3 + 42*h**2 + 123*h + 501. Give b(45).
-39
Let i(y) = 206*y + 345. What is i(-4)?
-479
Let h(m) = m**3 - 9*m**2 + 31*m - 100. Give h(7).
19
Let q(c) = 14*c**2 - 6*c + 24. Give q(-4).
272
Let g(m) = -m**3 + 11*m**2 - 8*m + 5. Give g(11).
-83
Let c(d) = -161*d**3 - 2*d**2 + d + 2. Determine c(1).
-160
Let m(w) = 16*w - 370. What is m(23)?
-2
Let t(h) = -5*h**2 - 260*h - 2238. What is t(-41)?
17
Let k(l) = l**2 + 17*l - 366. Calculate k(17).
212
Let y(f) = -5193*f + 93483. Determine y(18).
9
Let r(x) = 5*x**2 + 102*x + 413. Determine r(-5).
28
Let l(v) = 151*v + 765. Determine l(-5).
10
Let f(n) = -3*n - 316. Give f(-111).
17
Let y(n) = 34*n**3 + 136*n**2 + n + 19. Calculate y(-4).
15
Let j(b) = 5186*b - 41483. Determine j(8).
5
Let j(g) = g**3 + 9*g**2 + 30*g + 321. Give j(-9).
51
Let z(m) = -3*m**2 - 5*m - 33. Determine z(-4).
-61
Let v(g) = -60*g**2 - 18*g - 1. Calculate v(-2).
-205
Let k(j) = 13531*j + 162367. Determine k(-12).
-5
Let r(j) = j**3 - j**2 + 2*j + 39. Calculate r(0).
39
Let a(f) = f**3 - 50*f**2 - 101*f - 152. Give a(52).
4
Let j(p) = -5*p**3 + 27*p + 29. What is j(-1)?
7
Let w(i) = 12*i - 354. Give w(-7).
-438
Let a(u) = u**3 + 5*u**2 - 13*u + 14. Give a(-7).
7
Let x(o) = 22*o + 1208. Give x(-55).
-2
Let j(b) = b**3 - 10*b**2 - 33*b + 31. Determine j(11).
-211
Let s(a) = -2*a**3 + 42*a**2 - 144*a + 142. Determine s(17).
6
Let o(x) = -x**3 - 79*x**2 + 345*x + 1086. Calculate o(-83).
7
Let b(m) = -m**3 + 5*m**2 + 5*m + 59. What is b(7)?
-4
Let s(x) = x**3 + 8*x**2 + 5*x - 21. Calculate s(-2).
-7
Let r(g) = 10*g**2 - 75*g + 15. Determine r(7).
-20
Let w(d) = 2*d**3 + 559*d**2 + 32*d - 68900. Determine w(-279).
13
Let f(u) = 31*u 